s 438639 composite?
True
Is 1645103 a composite number?
True
Is 6135091 a prime number?
False
Is 4070483 a prime number?
True
Is 14469607 composite?
False
Is 93629 composite?
False
Is 16466519 a composite number?
True
Is 3640753 composite?
False
Is 77334991 prime?
True
Is 17311659 a prime number?
False
Is 19093619 a composite number?
True
Is 535870385 a composite number?
True
Is 5240341 a prime number?
False
Is 224699 a composite number?
False
Is 39787117 a prime number?
False
Is 13724881 composite?
True
Is 18633317 prime?
True
Is 69506114 composite?
True
Is 566197 a composite number?
True
Is 33488167 a composite number?
False
Is 27668717 a prime number?
True
Is 28519811 a prime number?
False
Is 914727289 composite?
True
Is 72973349 a prime number?
False
Is 2696747 a composite number?
True
Is 5251507 composite?
False
Is 49873643 a prime number?
True
Is 1640927 a composite number?
False
Is 9679981 prime?
True
Is 8654609 a composite number?
False
Is 1474159 composite?
False
Is 4406711 a prime number?
False
Is 71941523 a prime number?
True
Is 516043006 a prime number?
False
Is 3083779 a prime number?
True
Is 128570641 composite?
True
Is 561395 prime?
False
Is 48283373 composite?
False
Is 17895191 prime?
False
Is 35811803 a prime number?
False
Is 336887 a prime number?
True
Is 2112569 a prime number?
True
Is 227195 a prime number?
False
Is 8108369 prime?
False
Is 3589133 a prime number?
True
Is 12173059 prime?
True
Is 3050517 a composite number?
True
Is 416191549 prime?
False
Is 48497893 a composite number?
False
Is 105087821 a composite number?
False
Is 69278537 a composite number?
False
Is 12874751 prime?
True
Is 1550897 composite?
False
Is 1650871 a composite number?
True
Is 139813621 prime?
True
Is 283753 a composite number?
True
Is 11370083 a composite number?
False
Is 226715783 composite?
True
Is 2180731 a composite number?
True
Is 1379009 prime?
False
Is 35047759 a composite number?
True
Is 60788159 a composite number?
False
Is 84736907 a composite number?
False
Is 3033929 prime?
False
Is 141814703 a composite number?
False
Is 23143559 composite?
False
Is 140759 prime?
True
Is 1086208559 prime?
True
Is 888089 a composite number?
True
Is 235616119 prime?
True
Is 143262287 composite?
True
Is 649199 composite?
True
Is 21415961 prime?
False
Is 646843 prime?
True
Is 36255022 a prime number?
False
Is 21503467 prime?
True
Is 1567673 prime?
False
Is 27343859 a prime number?
False
Is 23379353 a composite number?
False
Is 14816954 composite?
True
Is 2325677 prime?
True
Is 19518803 prime?
True
Is 36435419 prime?
False
Is 51986197 composite?
True
Is 2191583 a prime number?
True
Is 67343707 a composite number?
False
Is 13630843 a composite number?
True
Is 19743833 a composite number?
False
Is 3136213 a composite number?
True
Is 1998611 composite?
False
Is 6332107 a prime number?
False
Is 6048829 prime?
True
Is 2880899 prime?
False
Is 5903455 prime?
False
Is 18168343 prime?
True
Is 9470107 prime?
True
Is 19518197 a prime number?
False
Is 94632799 a prime number?
False
Is 426273533 composite?
True
Is 519635815 prime?
False
Is 1416391 prime?
False
Is 117750937 prime?
True
Is 86932613 prime?
False
Is 3092347 composite?
False
Is 17854933 prime?
False
Is 77006467 prime?
False
Is 147407527 a prime number?
False
Is 69343009 a prime number?
True
Is 1638733 a composite number?
False
Is 2377321 prime?
True
Is 25996799 prime?
False
Is 100387 a prime number?
False
Is 1718777 a composite number?
True
Is 5940617 prime?
True
Is 9329939 a prime number?
True
Is 15167989 a composite number?
False
Is 3272023 prime?
True
Is 3151173 prime?
False
Is 266911 prime?
False
Is 119603807 composite?
True
Is 34311827 a prime number?
False
Is 264001 composite?
True
Is 62167769 a composite number?
True
Is 65786813 a composite number?
True
Is 203927923 prime?
True
Is 1176926 a composite number?
True
Is 436858919 prime?
False
Is 4949051 composite?
False
Is 47654539 prime?
True
Is 121100249 a composite number?
False
Is 1472743 composite?
False
Is 10806359 a prime number?
True
Is 1182773 a composite number?
True
Is 21127433 a prime number?
False
Is 164975051 a prime number?
True
Is 414496441 a prime number?
True
Is 11064701 composite?
False
Is 201191 prime?
False
Is 57648043 a composite number?
True
Is 6047729 a composite number?
False
Is 12744559 prime?
False
Is 5457533 a composite number?
False
Is 4080293 composite?
True
Is 225679 composite?
True
Is 82146417 prime?
False
Is 3648767 a prime number?
True
Is 1303942 prime?
False
Is 10782601 prime?
True
Is 24548609 a composite number?
True
Is 3045781 a prime number?
False
Is 20363843 prime?
False
Is 5575693 a prime number?
True
Is 587319599 prime?
False
Is 8423333 composite?
False
Is 16640549 composite?
False
Is 79879229 prime?
True
Is 439690493 a composite number?
True
Is 170417 prime?
False
Is 123928993 prime?
True
Is 85354091 a composite number?
False
Is 1251983 prime?
True
Is 579464591 a prime number?
True
Is 350568773 a prime number?
True
Is 4349251 prime?
True
Is 1687769 a prime number?
False
Is 89149 composite?
True
Is 536678059 a composite number?
True
Is 530429 composite?
False
Is 487261 a prime number?
True
Is 16914791 prime?
False
Is 2892299 composite?
False
Is 812677 prime?
False
Is 9967537 composite?
False
Is 608625671 prime?
False
Is 165075787 a composite number?
True
Is 178479389 prime?
False
Is 77326495 prime?
False
Is 912577 composite?
True
Is 12187741 composite?
False
Is 107441 a composite number?
False
Is 77989342 a composite number?
True
Is 69081851 a prime number?
True
Is 127556317 prime?
False
Is 214101131 a composite number?
False
Is 10236197 a composite number?
False
Is 16133687 a composite number?
True
Is 495562409 composite?
False
Is 29839253 prime?
False
Is 2473813 composite?
False
Is 2028031 a composite number?
True
Is 65713199 a prime number?
True
Is 111159123 a prime number?
False
Is 145158637 a prime number?
False
Is 78886867 composite?
False
Is 329253251 composite?
True
Is 11597 a prime number?
True
Is 38191303 a prime number?
True
Is 6619313 composite?
True
Is 24103273 a composite number?
False
Is 10641913 a composite number?
False
Is 20477251 a composite number?
False
Is 1771102 prime?
False
Is 2391997 prime?
True
Is 2195257 a prime number?
False
Is 21267097 composite?
True
Is 151386007 composite?
False
Is 1333251839 prime?
True
Is 19048561 prime?
False
Is 347483 a prime number?
False
Is 443671 a composite number?
True
Is 7900517 prime?
False
Is 16898879 a prime number?
True
Is 7820221 composite?
True
Is 160619647 prime?
True
Is 19077529 composite?
True
Is 101086697 a prime number?
False
Is 3138782 prime?
False
Is 9295357 a composite number?
False
Is 36410921 composite?
True
Is 163841 a composite number?
False
Is 855317 prime?
True
Is 32911927 a prime number?
True
Is 1036571 prime?
False
Is 35452951 prime?
False
Is 40784951 a composite number?
False
Is 165461183 a prime number?
True
Is 575089 a prime number?
False
Is 70099 a composite number?
False
Is 13901 composite?
False
Is 151706 composite?
True
Is 27907961 composite?
True
Is 18241061 a prime number?
False
Is 455623 composite?
True
Is 3148867 a prime number?
True
Is 6429845 composite?
True
Is 68881523 a prime number?
False
Is 46910287 prime?
True
Is 22134461 a composite number?
False
Is 56055701 prime?
False
Is 193937 a prime number?
True
Is 346214437 a prime number?
False
Is 20031359 a prime number?
True
Is 113432783 a prime number?
False
Is 109648213 a composite number?
False
Is 392650541 a prime number?
True
Is 37344787 a prime number?
True
Is 5436367 composite?
True
Is 7849619 a prime number?
False
Is 290201 composite?
False
Is 30365377 a prime number?
False
Is 479071 prime?
False
Is 5573899 prime?
False
Is 19320157 prime?
True
Is 80264711 a prime number?
False
Is 6208177 composite?
True
Is 5893486 a composite number?
True
Is 1290126701 a prime number?
True
Is 20820799 a prime number?
False
Is 163629451 composite?
False
Is 37202147 prime?
False
Is 2410618237 a composite number?
False
Is 163859099 a composite number?
False
Is 55299767 composite?
False
Is 21406745 a prime number?
False
Is 173792897 a composite number?
False
Is 43403861 a prime number?
True
Is 3398762 a prime number?
False
Is 8791229 a prime number?
True
Is 21630047 a composite num